{"id":14,"date":"2026-03-17T22:05:05","date_gmt":"2026-03-17T22:05:05","guid":{"rendered":"http:\/\/xn--frydkrmassage-7fb.dk\/?page_id=14"},"modified":"2026-03-17T23:23:17","modified_gmt":"2026-03-17T23:23:17","slug":"frydkaer-massage","status":"publish","type":"page","link":"https:\/\/xn--frydkrmassage-7fb.dk\/","title":{"rendered":"Forside"},"content":{"rendered":"\n<h1 class=\"wp-block-heading has-text-align-center\">FRYDK\u00c6R TILBYDER FLEKSIBEL BOOKING<\/h1>\n\n\n\n<div class=\"wp-block-columns is-layout-flex wp-container-core-columns-is-layout-9d6595d7 wp-block-columns-is-layout-flex\">\n<div class=\"wp-block-column is-layout-flow wp-block-column-is-layout-flow\" style=\"flex-basis:100%\">\n<p class=\"has-text-align-center\" style=\"font-size:18px\">Hos Frydk\u00e6r Massage tilbyder jeg b\u00e5de zoneterapi, \u00f8reakupunktur, hot-stone massage og almindelig fysiologisk massage. Frydk\u00e6r Massage holder til n\u00e6r Kvissel, i den lille landsby \u00d8. Holmen. Jeg har mulighed for at behandle klienter der kan komme forbi mit behandlingssted, men k\u00f8rer ogs\u00e5 ud til dig n\u00e5r du bor i det n\u00e6re Vendsyssel.<\/p>\n<\/div>\n<\/div>\n\n\n\n<p><\/p>\n","protected":false},"excerpt":{"rendered":"<p>FRYDK\u00c6R TILBYDER FLEKSIBEL BOOKING Hos Frydk\u00e6r Massage tilbyder jeg b\u00e5de zoneterapi, \u00f8reakupunktur, hot-stone massage og almindelig fysiologisk massage. Frydk\u00e6r Massage holder til n\u00e6r Kvissel, i den lille landsby \u00d8. Holmen. Jeg har mulighed for at behandle klienter der kan komme forbi mit behandlingssted, men k\u00f8rer ogs\u00e5 ud til dig n\u00e5r du bor i det n\u00e6re &hellip; <a href=\"https:\/\/xn--frydkrmassage-7fb.dk\/\" class=\"more-link\">Continue reading <span class=\"screen-reader-text\">Forside<\/span><\/a><\/p>\n","protected":false},"author":1,"featured_media":32,"parent":0,"menu_order":0,"comment_status":"closed","ping_status":"closed","template":"page-templates\/front-page.php","meta":{"footnotes":""},"class_list":["post-14","page","type-page","status-publish","has-post-thumbnail","hentry","with-featured-image"],"yoast_head":"<!-- This site is optimized with the Yoast SEO plugin v27.5 - https:\/\/yoast.com\/product\/yoast-seo-wordpress\/ -->\n<title>Forside - Frydk\u00e6rmassage ved Roswitha B\u00e4hner Andersen<\/title>\n<meta name=\"description\" content=\"Hos Frydk\u00e6r Massage tilbyder jeg b\u00e5de zoneterapi, hot stone massage og almindelig massage. Frydk\u00e6r massage holder til n\u00e6r Kvissel og Sindal. Jeg har mulighed for at behandle klienter der kan komme forbi mine behandlingssteder i Vendsyssel.\" \/>\n<meta name=\"robots\" content=\"index, follow, max-snippet:-1, max-image-preview:large, max-video-preview:-1\" \/>\n<link rel=\"canonical\" href=\"https:\/\/xn--frydkrmassage-7fb.dk\/\" \/>\n<meta property=\"og:locale\" content=\"da_DK\" \/>\n<meta property=\"og:type\" content=\"article\" \/>\n<meta property=\"og:title\" content=\"Forside - Frydk\u00e6rmassage ved Roswitha B\u00e4hner Andersen\" \/>\n<meta property=\"og:description\" content=\"Hos Frydk\u00e6r Massage tilbyder jeg b\u00e5de zoneterapi, hot stone massage og almindelig massage. Frydk\u00e6r massage holder til n\u00e6r Kvissel og Sindal. Jeg har mulighed for at behandle klienter der kan komme forbi mine behandlingssteder i Vendsyssel.\" \/>\n<meta property=\"og:url\" content=\"https:\/\/xn--frydkrmassage-7fb.dk\/\" \/>\n<meta property=\"og:site_name\" content=\"Frydk\u00e6rmassage ved Roswitha B\u00e4hner Andersen\" \/>\n<meta property=\"article:modified_time\" content=\"2026-03-17T23:23:17+00:00\" \/>\n<meta property=\"og:image\" content=\"https:\/\/xn--frydkrmassage-7fb.dk\/wp-content\/uploads\/2026\/03\/tumblr_static_flower-meadow-spring-22177494-1680-1050.jpg\" \/>\n\t<meta property=\"og:image:width\" content=\"1680\" \/>\n\t<meta property=\"og:image:height\" content=\"1050\" \/>\n\t<meta property=\"og:image:type\" content=\"image\/jpeg\" \/>\n<meta name=\"twitter:card\" content=\"summary_large_image\" \/>\n<meta name=\"twitter:label1\" content=\"Estimeret l\u00e6setid\" \/>\n\t<meta name=\"twitter:data1\" content=\"1 minut\" \/>\n<script type=\"application\/ld+json\" class=\"yoast-schema-graph\">{\"@context\":\"https:\\\/\\\/schema.org\",\"@graph\":[{\"@type\":\"WebPage\",\"@id\":\"https:\\\/\\\/xn--frydkrmassage-7fb.dk\\\/\",\"url\":\"https:\\\/\\\/xn--frydkrmassage-7fb.dk\\\/\",\"name\":\"Forside - Frydk\u00e6rmassage ved Roswitha B\u00e4hner Andersen\",\"isPartOf\":{\"@id\":\"https:\\\/\\\/xn--frydkrmassage-7fb.dk\\\/#website\"},\"primaryImageOfPage\":{\"@id\":\"https:\\\/\\\/xn--frydkrmassage-7fb.dk\\\/#primaryimage\"},\"image\":{\"@id\":\"https:\\\/\\\/xn--frydkrmassage-7fb.dk\\\/#primaryimage\"},\"thumbnailUrl\":\"https:\\\/\\\/xn--frydkrmassage-7fb.dk\\\/wp-content\\\/uploads\\\/2026\\\/03\\\/tumblr_static_flower-meadow-spring-22177494-1680-1050.jpg\",\"datePublished\":\"2026-03-17T22:05:05+00:00\",\"dateModified\":\"2026-03-17T23:23:17+00:00\",\"description\":\"Hos Frydk\u00e6r Massage tilbyder jeg b\u00e5de zoneterapi, hot stone massage og almindelig massage. Frydk\u00e6r massage holder til n\u00e6r Kvissel og Sindal. Jeg har mulighed for at behandle klienter der kan komme forbi mine behandlingssteder i Vendsyssel.\",\"breadcrumb\":{\"@id\":\"https:\\\/\\\/xn--frydkrmassage-7fb.dk\\\/#breadcrumb\"},\"inLanguage\":\"da-DK\",\"potentialAction\":[{\"@type\":\"ReadAction\",\"target\":[\"https:\\\/\\\/xn--frydkrmassage-7fb.dk\\\/\"]}]},{\"@type\":\"ImageObject\",\"inLanguage\":\"da-DK\",\"@id\":\"https:\\\/\\\/xn--frydkrmassage-7fb.dk\\\/#primaryimage\",\"url\":\"https:\\\/\\\/xn--frydkrmassage-7fb.dk\\\/wp-content\\\/uploads\\\/2026\\\/03\\\/tumblr_static_flower-meadow-spring-22177494-1680-1050.jpg\",\"contentUrl\":\"https:\\\/\\\/xn--frydkrmassage-7fb.dk\\\/wp-content\\\/uploads\\\/2026\\\/03\\\/tumblr_static_flower-meadow-spring-22177494-1680-1050.jpg\",\"width\":1680,\"height\":1050},{\"@type\":\"BreadcrumbList\",\"@id\":\"https:\\\/\\\/xn--frydkrmassage-7fb.dk\\\/#breadcrumb\",\"itemListElement\":[{\"@type\":\"ListItem\",\"position\":1,\"name\":\"Hjem\",\"item\":\"https:\\\/\\\/xn--frydkrmassage-7fb.dk\\\/\"},{\"@type\":\"ListItem\",\"position\":2,\"name\":\"Forside\"}]},{\"@type\":\"WebSite\",\"@id\":\"https:\\\/\\\/xn--frydkrmassage-7fb.dk\\\/#website\",\"url\":\"https:\\\/\\\/xn--frydkrmassage-7fb.dk\\\/\",\"name\":\"Frydk\u00e6r massage\",\"description\":\"Hos Frydk\u00e6r Massage tilbyder jeg b\u00e5de zoneterapi, akupunktur, hot stone massage og almindelig massage\",\"potentialAction\":[{\"@type\":\"SearchAction\",\"target\":{\"@type\":\"EntryPoint\",\"urlTemplate\":\"https:\\\/\\\/xn--frydkrmassage-7fb.dk\\\/?s={search_term_string}\"},\"query-input\":{\"@type\":\"PropertyValueSpecification\",\"valueRequired\":true,\"valueName\":\"search_term_string\"}}],\"inLanguage\":\"da-DK\"}]}<\/script>\n<!-- \/ Yoast SEO plugin. -->","yoast_head_json":{"title":"Forside - Frydk\u00e6rmassage ved Roswitha B\u00e4hner Andersen","description":"Hos Frydk\u00e6r Massage tilbyder jeg b\u00e5de zoneterapi, hot stone massage og almindelig massage. Frydk\u00e6r massage holder til n\u00e6r Kvissel og Sindal. Jeg har mulighed for at behandle klienter der kan komme forbi mine behandlingssteder i Vendsyssel.","robots":{"index":"index","follow":"follow","max-snippet":"max-snippet:-1","max-image-preview":"max-image-preview:large","max-video-preview":"max-video-preview:-1"},"canonical":"https:\/\/xn--frydkrmassage-7fb.dk\/","og_locale":"da_DK","og_type":"article","og_title":"Forside - Frydk\u00e6rmassage ved Roswitha B\u00e4hner Andersen","og_description":"Hos Frydk\u00e6r Massage tilbyder jeg b\u00e5de zoneterapi, hot stone massage og almindelig massage. Frydk\u00e6r massage holder til n\u00e6r Kvissel og Sindal. Jeg har mulighed for at behandle klienter der kan komme forbi mine behandlingssteder i Vendsyssel.","og_url":"https:\/\/xn--frydkrmassage-7fb.dk\/","og_site_name":"Frydk\u00e6rmassage ved Roswitha B\u00e4hner Andersen","article_modified_time":"2026-03-17T23:23:17+00:00","og_image":[{"width":1680,"height":1050,"url":"https:\/\/xn--frydkrmassage-7fb.dk\/wp-content\/uploads\/2026\/03\/tumblr_static_flower-meadow-spring-22177494-1680-1050.jpg","type":"image\/jpeg"}],"twitter_card":"summary_large_image","twitter_misc":{"Estimeret l\u00e6setid":"1 minut"},"schema":{"@context":"https:\/\/schema.org","@graph":[{"@type":"WebPage","@id":"https:\/\/xn--frydkrmassage-7fb.dk\/","url":"https:\/\/xn--frydkrmassage-7fb.dk\/","name":"Forside - Frydk\u00e6rmassage ved Roswitha B\u00e4hner Andersen","isPartOf":{"@id":"https:\/\/xn--frydkrmassage-7fb.dk\/#website"},"primaryImageOfPage":{"@id":"https:\/\/xn--frydkrmassage-7fb.dk\/#primaryimage"},"image":{"@id":"https:\/\/xn--frydkrmassage-7fb.dk\/#primaryimage"},"thumbnailUrl":"https:\/\/xn--frydkrmassage-7fb.dk\/wp-content\/uploads\/2026\/03\/tumblr_static_flower-meadow-spring-22177494-1680-1050.jpg","datePublished":"2026-03-17T22:05:05+00:00","dateModified":"2026-03-17T23:23:17+00:00","description":"Hos Frydk\u00e6r Massage tilbyder jeg b\u00e5de zoneterapi, hot stone massage og almindelig massage. Frydk\u00e6r massage holder til n\u00e6r Kvissel og Sindal. Jeg har mulighed for at behandle klienter der kan komme forbi mine behandlingssteder i Vendsyssel.","breadcrumb":{"@id":"https:\/\/xn--frydkrmassage-7fb.dk\/#breadcrumb"},"inLanguage":"da-DK","potentialAction":[{"@type":"ReadAction","target":["https:\/\/xn--frydkrmassage-7fb.dk\/"]}]},{"@type":"ImageObject","inLanguage":"da-DK","@id":"https:\/\/xn--frydkrmassage-7fb.dk\/#primaryimage","url":"https:\/\/xn--frydkrmassage-7fb.dk\/wp-content\/uploads\/2026\/03\/tumblr_static_flower-meadow-spring-22177494-1680-1050.jpg","contentUrl":"https:\/\/xn--frydkrmassage-7fb.dk\/wp-content\/uploads\/2026\/03\/tumblr_static_flower-meadow-spring-22177494-1680-1050.jpg","width":1680,"height":1050},{"@type":"BreadcrumbList","@id":"https:\/\/xn--frydkrmassage-7fb.dk\/#breadcrumb","itemListElement":[{"@type":"ListItem","position":1,"name":"Hjem","item":"https:\/\/xn--frydkrmassage-7fb.dk\/"},{"@type":"ListItem","position":2,"name":"Forside"}]},{"@type":"WebSite","@id":"https:\/\/xn--frydkrmassage-7fb.dk\/#website","url":"https:\/\/xn--frydkrmassage-7fb.dk\/","name":"Frydk\u00e6r massage","description":"Hos Frydk\u00e6r Massage tilbyder jeg b\u00e5de zoneterapi, akupunktur, hot stone massage og almindelig massage","potentialAction":[{"@type":"SearchAction","target":{"@type":"EntryPoint","urlTemplate":"https:\/\/xn--frydkrmassage-7fb.dk\/?s={search_term_string}"},"query-input":{"@type":"PropertyValueSpecification","valueRequired":true,"valueName":"search_term_string"}}],"inLanguage":"da-DK"}]}},"_links":{"self":[{"href":"https:\/\/xn--frydkrmassage-7fb.dk\/index.php?rest_route=\/wp\/v2\/pages\/14","targetHints":{"allow":["GET"]}}],"collection":[{"href":"https:\/\/xn--frydkrmassage-7fb.dk\/index.php?rest_route=\/wp\/v2\/pages"}],"about":[{"href":"https:\/\/xn--frydkrmassage-7fb.dk\/index.php?rest_route=\/wp\/v2\/types\/page"}],"author":[{"embeddable":true,"href":"https:\/\/xn--frydkrmassage-7fb.dk\/index.php?rest_route=\/wp\/v2\/users\/1"}],"replies":[{"embeddable":true,"href":"https:\/\/xn--frydkrmassage-7fb.dk\/index.php?rest_route=%2Fwp%2Fv2%2Fcomments&post=14"}],"version-history":[{"count":10,"href":"https:\/\/xn--frydkrmassage-7fb.dk\/index.php?rest_route=\/wp\/v2\/pages\/14\/revisions"}],"predecessor-version":[{"id":44,"href":"https:\/\/xn--frydkrmassage-7fb.dk\/index.php?rest_route=\/wp\/v2\/pages\/14\/revisions\/44"}],"wp:featuredmedia":[{"embeddable":true,"href":"https:\/\/xn--frydkrmassage-7fb.dk\/index.php?rest_route=\/wp\/v2\/media\/32"}],"wp:attachment":[{"href":"https:\/\/xn--frydkrmassage-7fb.dk\/index.php?rest_route=%2Fwp%2Fv2%2Fmedia&parent=14"}],"curies":[{"name":"wp","href":"https:\/\/api.w.org\/{rel}","templated":true}]}}