{"id":6,"date":"2026-03-17T21:55:23","date_gmt":"2026-03-17T21:55:23","guid":{"rendered":"http:\/\/xn--frydkrmassage-7fb.dk\/?page_id=6"},"modified":"2026-03-31T22:37:44","modified_gmt":"2026-03-31T22:37:44","slug":"massage-der-passer-til-dig","status":"publish","type":"page","link":"https:\/\/xn--frydkrmassage-7fb.dk\/?page_id=6","title":{"rendered":"Massage, der passer til dig"},"content":{"rendered":"\n<p>Hos Frydk\u00e6r Massage tilbyder jeg tre forskellige massagebehandlinger: Fysiologisk massage af muskler, &nbsp;hot-stone massage og zoneterapi. De tre massagebehandlinger har hver is\u00e6r forskellige fokuspunkter og jeg vurderer, hvilken type behandling, der passer dig. Jeg holder selv til i \u00d8.Holmen, som ligger knap 8 km udenfor byen, men jeg behandler kunder i hele Frederikshavn og omegn.<\/p>\n\n\n\n<h2 class=\"wp-block-heading\">Zoneterapi \u2013 En massagebehandling punkt for punkt<\/h2>\n\n\n\n<p>Hvis du \u00f8nsker, at jeg udf\u00f8rer en behandling, der p\u00e5virker specifikke punkter p\u00e5 kroppen, s\u00e5 kan man via zoner p\u00e5 f\u00f8dderne p\u00e5virke muskler, organer og bindev\u00e6v \u2013 og det kaldes zoneterapi.<\/p>\n\n\n\n<p>En behandling med zoneterapi kan v\u00e6re meget afslappende, men har du problemer med bestemte omr\u00e5der p\u00e5 kroppen, kan der v\u00e6re \u00f8mme omr\u00e5der under f\u00f8dderne. Zoneterapi kan blandt andet behandle:<\/p>\n\n\n\n<ul class=\"wp-block-list\">\n<li>Allergi<\/li>\n\n\n\n<li>Bihuleproblemer<\/li>\n\n\n\n<li>Problemer med ford\u00f8jelsen<\/li>\n\n\n\n<li>Problemer med bev\u00e6gelsesapparatet<\/li>\n\n\n\n<li>Og mange flere<\/li>\n<\/ul>\n\n\n\n<p>Det er muligt at behandle b\u00e5de b\u00f8rn og voksne med zoneterapi, s\u00e6rligt b\u00f8rn og sp\u00e6db\u00f8rn med s\u00f8vnproblemer, uro, &nbsp;maveproblemer samt kolik kan have gavn af denne type behandling.<\/p>\n\n\n\n<h2 class=\"wp-block-heading\">Slap af og str\u00e6k ud med almindelig massage<\/h2>\n\n\n\n<p>En behandling med almindelig massage giver varme i muskler og led, og denne type behandling har derfor til form\u00e5l at \u00f8ge blodgennemstr\u00f8mningen i v\u00e6vet.<\/p>\n\n\n\n<p>Muskler, som gennem l\u00e6ngere tid har v\u00e6ret opsp\u00e6ndte, kan virke korte og stramme, men en almindelig massage kan str\u00e6kke muskler og sener ud, s\u00e5 du f\u00e5r den optimale elasticitet og bev\u00e6gelighed tilbage.<\/p>\n\n\n\n<h2 class=\"wp-block-heading\">Hot stone massage giver velv\u00e6re<\/h2>\n\n\n\n<p>Hvis du s\u00f8ger en afslappende og afstressende behandling, s\u00e5 er hot-stone massage en massageform, der ville passe dig godt.<\/p>\n\n\n\n<p>De varme sten og den velduftende olie er med til at \u00f8ge dit velbehag og fjerne den tunge tr\u00e6thed.<\/p>\n\n\n\n<p>Denne type behandling er s\u00e6rligt til dig som:<\/p>\n\n\n\n<ul class=\"wp-block-list\">\n<li>Er stresset<\/li>\n\n\n\n<li>Er opk\u00f8rt<\/li>\n\n\n\n<li>Er irriteret<\/li>\n\n\n\n<li>Er udslidt<\/li>\n<\/ul>\n\n\n\n<p>Den dejlige hot-stone massage f\u00e5r alle muskler til at slappe af, og s\u00e6rligt hjernen kobles af under behandling. Mange betragter hot-stone massage som en wellness-behandling, men den har generelt en helende og beroligende effekt p\u00e5 kroppen og er velegnet til dig, som er blevet syg med stress.<\/p>\n\n\n\n<h2 class=\"wp-block-heading\">Ring for bestilling<\/h2>\n\n\n\n<p>Du er altid velkommen til at ringe eller skrive til Frydk\u00e6r Massage, hvis du skulle have et sp\u00f8rgsm\u00e5l.<br>Frydk\u00e6r Massage er tilg\u00e6ngelig p\u00e5 telefon&nbsp;<a href=\"tel:+4527136704\">27 13 67 04<\/a>&nbsp;.<\/p>\n\n\n\n<p>Du kan ogs\u00e5 skrive en e-mail til Frydk\u00e6r Massage p\u00e5 adressen\u00a0<a href=\"mailto:frydkaer@frydk\u00e6rmassage.dk\" type=\"mailto\" id=\"mailto:frydkaer@frydk\u00e6rmassage.dk\">frydkaer@frydk\u00e6rmassage.dk<\/a>.<\/p>\n\n\n\n<p>Frydk\u00e6r Massage gl\u00e6der sig til at h\u00f8re fra dig.<\/p>\n","protected":false},"excerpt":{"rendered":"<p>Hos Frydk\u00e6r Massage tilbyder jeg tre forskellige massagebehandlinger: Fysiologisk massage af muskler, &nbsp;hot-stone massage og zoneterapi. De tre massagebehandlinger har hver is\u00e6r forskellige fokuspunkter og jeg vurderer, hvilken type behandling, der passer dig. Jeg holder selv til i \u00d8.Holmen, som ligger knap 8 km udenfor byen, men jeg behandler kunder i hele Frederikshavn og omegn. &hellip; <a href=\"https:\/\/xn--frydkrmassage-7fb.dk\/?page_id=6\" class=\"more-link\">Continue reading <span class=\"screen-reader-text\">Massage, der passer til dig<\/span><\/a><\/p>\n","protected":false},"author":1,"featured_media":50,"parent":0,"menu_order":0,"comment_status":"closed","ping_status":"closed","template":"","meta":{"footnotes":""},"class_list":["post-6","page","type-page","status-publish","has-post-thumbnail","hentry","with-featured-image"],"yoast_head":"<!-- This site is optimized with the Yoast SEO plugin v27.5 - https:\/\/yoast.com\/product\/yoast-seo-wordpress\/ -->\n<title>Massage, der passer til dig - Frydk\u00e6rmassage ved Roswitha B\u00e4hner Andersen<\/title>\n<meta name=\"robots\" content=\"index, follow, max-snippet:-1, max-image-preview:large, max-video-preview:-1\" \/>\n<link rel=\"canonical\" href=\"https:\/\/xn--frydkrmassage-7fb.dk\/?page_id=6\" \/>\n<meta property=\"og:locale\" content=\"da_DK\" \/>\n<meta property=\"og:type\" content=\"article\" \/>\n<meta property=\"og:title\" content=\"Massage, der passer til dig - Frydk\u00e6rmassage ved Roswitha B\u00e4hner Andersen\" \/>\n<meta property=\"og:description\" content=\"Hos Frydk\u00e6r Massage tilbyder jeg tre forskellige massagebehandlinger: Fysiologisk massage af muskler, &nbsp;hot-stone massage og zoneterapi. De tre massagebehandlinger har hver is\u00e6r forskellige fokuspunkter og jeg vurderer, hvilken type behandling, der passer dig. Jeg holder selv til i \u00d8.Holmen, som ligger knap 8 km udenfor byen, men jeg behandler kunder i hele Frederikshavn og omegn. &hellip; Continue reading Massage, der passer til dig\" \/>\n<meta property=\"og:url\" content=\"https:\/\/xn--frydkrmassage-7fb.dk\/?page_id=6\" \/>\n<meta property=\"og:site_name\" content=\"Frydk\u00e6rmassage ved Roswitha B\u00e4hner Andersen\" \/>\n<meta property=\"article:modified_time\" content=\"2026-03-31T22:37:44+00:00\" \/>\n<meta property=\"og:image\" content=\"http:\/\/xn--frydkrmassage-7fb.dk\/wp-content\/uploads\/2026\/03\/vero-photoart-1409371-768x512-1.jpg\" \/>\n\t<meta property=\"og:image:width\" content=\"768\" \/>\n\t<meta property=\"og:image:height\" content=\"512\" \/>\n\t<meta property=\"og:image:type\" content=\"image\/jpeg\" \/>\n<meta name=\"twitter:card\" content=\"summary_large_image\" \/>\n<meta name=\"twitter:label1\" content=\"Estimeret l\u00e6setid\" \/>\n\t<meta name=\"twitter:data1\" content=\"3 minutter\" \/>\n<script type=\"application\/ld+json\" class=\"yoast-schema-graph\">{\"@context\":\"https:\\\/\\\/schema.org\",\"@graph\":[{\"@type\":\"WebPage\",\"@id\":\"https:\\\/\\\/xn--frydkrmassage-7fb.dk\\\/?page_id=6\",\"url\":\"https:\\\/\\\/xn--frydkrmassage-7fb.dk\\\/?page_id=6\",\"name\":\"Massage, der passer til dig - Frydk\u00e6rmassage ved Roswitha B\u00e4hner Andersen\",\"isPartOf\":{\"@id\":\"https:\\\/\\\/xn--frydkrmassage-7fb.dk\\\/#website\"},\"primaryImageOfPage\":{\"@id\":\"https:\\\/\\\/xn--frydkrmassage-7fb.dk\\\/?page_id=6#primaryimage\"},\"image\":{\"@id\":\"https:\\\/\\\/xn--frydkrmassage-7fb.dk\\\/?page_id=6#primaryimage\"},\"thumbnailUrl\":\"https:\\\/\\\/xn--frydkrmassage-7fb.dk\\\/wp-content\\\/uploads\\\/2026\\\/03\\\/vero-photoart-1409371-768x512-1.jpg\",\"datePublished\":\"2026-03-17T21:55:23+00:00\",\"dateModified\":\"2026-03-31T22:37:44+00:00\",\"breadcrumb\":{\"@id\":\"https:\\\/\\\/xn--frydkrmassage-7fb.dk\\\/?page_id=6#breadcrumb\"},\"inLanguage\":\"da-DK\",\"potentialAction\":[{\"@type\":\"ReadAction\",\"target\":[\"https:\\\/\\\/xn--frydkrmassage-7fb.dk\\\/?page_id=6\"]}]},{\"@type\":\"ImageObject\",\"inLanguage\":\"da-DK\",\"@id\":\"https:\\\/\\\/xn--frydkrmassage-7fb.dk\\\/?page_id=6#primaryimage\",\"url\":\"https:\\\/\\\/xn--frydkrmassage-7fb.dk\\\/wp-content\\\/uploads\\\/2026\\\/03\\\/vero-photoart-1409371-768x512-1.jpg\",\"contentUrl\":\"https:\\\/\\\/xn--frydkrmassage-7fb.dk\\\/wp-content\\\/uploads\\\/2026\\\/03\\\/vero-photoart-1409371-768x512-1.jpg\",\"width\":768,\"height\":512},{\"@type\":\"BreadcrumbList\",\"@id\":\"https:\\\/\\\/xn--frydkrmassage-7fb.dk\\\/?page_id=6#breadcrumb\",\"itemListElement\":[{\"@type\":\"ListItem\",\"position\":1,\"name\":\"Hjem\",\"item\":\"https:\\\/\\\/xn--frydkrmassage-7fb.dk\\\/\"},{\"@type\":\"ListItem\",\"position\":2,\"name\":\"Massage, der passer til dig\"}]},{\"@type\":\"WebSite\",\"@id\":\"https:\\\/\\\/xn--frydkrmassage-7fb.dk\\\/#website\",\"url\":\"https:\\\/\\\/xn--frydkrmassage-7fb.dk\\\/\",\"name\":\"Frydk\u00e6r massage\",\"description\":\"Hos Frydk\u00e6r Massage tilbyder jeg b\u00e5de zoneterapi, akupunktur, hot stone massage og almindelig massage\",\"potentialAction\":[{\"@type\":\"SearchAction\",\"target\":{\"@type\":\"EntryPoint\",\"urlTemplate\":\"https:\\\/\\\/xn--frydkrmassage-7fb.dk\\\/?s={search_term_string}\"},\"query-input\":{\"@type\":\"PropertyValueSpecification\",\"valueRequired\":true,\"valueName\":\"search_term_string\"}}],\"inLanguage\":\"da-DK\"}]}<\/script>\n<!-- \/ Yoast SEO plugin. -->","yoast_head_json":{"title":"Massage, der passer til dig - Frydk\u00e6rmassage ved Roswitha B\u00e4hner Andersen","robots":{"index":"index","follow":"follow","max-snippet":"max-snippet:-1","max-image-preview":"max-image-preview:large","max-video-preview":"max-video-preview:-1"},"canonical":"https:\/\/xn--frydkrmassage-7fb.dk\/?page_id=6","og_locale":"da_DK","og_type":"article","og_title":"Massage, der passer til dig - Frydk\u00e6rmassage ved Roswitha B\u00e4hner Andersen","og_description":"Hos Frydk\u00e6r Massage tilbyder jeg tre forskellige massagebehandlinger: Fysiologisk massage af muskler, &nbsp;hot-stone massage og zoneterapi. De tre massagebehandlinger har hver is\u00e6r forskellige fokuspunkter og jeg vurderer, hvilken type behandling, der passer dig. Jeg holder selv til i \u00d8.Holmen, som ligger knap 8 km udenfor byen, men jeg behandler kunder i hele Frederikshavn og omegn. &hellip; Continue reading Massage, der passer til dig","og_url":"https:\/\/xn--frydkrmassage-7fb.dk\/?page_id=6","og_site_name":"Frydk\u00e6rmassage ved Roswitha B\u00e4hner Andersen","article_modified_time":"2026-03-31T22:37:44+00:00","og_image":[{"width":768,"height":512,"url":"http:\/\/xn--frydkrmassage-7fb.dk\/wp-content\/uploads\/2026\/03\/vero-photoart-1409371-768x512-1.jpg","type":"image\/jpeg"}],"twitter_card":"summary_large_image","twitter_misc":{"Estimeret l\u00e6setid":"3 minutter"},"schema":{"@context":"https:\/\/schema.org","@graph":[{"@type":"WebPage","@id":"https:\/\/xn--frydkrmassage-7fb.dk\/?page_id=6","url":"https:\/\/xn--frydkrmassage-7fb.dk\/?page_id=6","name":"Massage, der passer til dig - Frydk\u00e6rmassage ved Roswitha B\u00e4hner Andersen","isPartOf":{"@id":"https:\/\/xn--frydkrmassage-7fb.dk\/#website"},"primaryImageOfPage":{"@id":"https:\/\/xn--frydkrmassage-7fb.dk\/?page_id=6#primaryimage"},"image":{"@id":"https:\/\/xn--frydkrmassage-7fb.dk\/?page_id=6#primaryimage"},"thumbnailUrl":"https:\/\/xn--frydkrmassage-7fb.dk\/wp-content\/uploads\/2026\/03\/vero-photoart-1409371-768x512-1.jpg","datePublished":"2026-03-17T21:55:23+00:00","dateModified":"2026-03-31T22:37:44+00:00","breadcrumb":{"@id":"https:\/\/xn--frydkrmassage-7fb.dk\/?page_id=6#breadcrumb"},"inLanguage":"da-DK","potentialAction":[{"@type":"ReadAction","target":["https:\/\/xn--frydkrmassage-7fb.dk\/?page_id=6"]}]},{"@type":"ImageObject","inLanguage":"da-DK","@id":"https:\/\/xn--frydkrmassage-7fb.dk\/?page_id=6#primaryimage","url":"https:\/\/xn--frydkrmassage-7fb.dk\/wp-content\/uploads\/2026\/03\/vero-photoart-1409371-768x512-1.jpg","contentUrl":"https:\/\/xn--frydkrmassage-7fb.dk\/wp-content\/uploads\/2026\/03\/vero-photoart-1409371-768x512-1.jpg","width":768,"height":512},{"@type":"BreadcrumbList","@id":"https:\/\/xn--frydkrmassage-7fb.dk\/?page_id=6#breadcrumb","itemListElement":[{"@type":"ListItem","position":1,"name":"Hjem","item":"https:\/\/xn--frydkrmassage-7fb.dk\/"},{"@type":"ListItem","position":2,"name":"Massage, der passer til dig"}]},{"@type":"WebSite","@id":"https:\/\/xn--frydkrmassage-7fb.dk\/#website","url":"https:\/\/xn--frydkrmassage-7fb.dk\/","name":"Frydk\u00e6r massage","description":"Hos Frydk\u00e6r Massage tilbyder jeg b\u00e5de zoneterapi, akupunktur, hot stone massage og almindelig massage","potentialAction":[{"@type":"SearchAction","target":{"@type":"EntryPoint","urlTemplate":"https:\/\/xn--frydkrmassage-7fb.dk\/?s={search_term_string}"},"query-input":{"@type":"PropertyValueSpecification","valueRequired":true,"valueName":"search_term_string"}}],"inLanguage":"da-DK"}]}},"_links":{"self":[{"href":"https:\/\/xn--frydkrmassage-7fb.dk\/index.php?rest_route=\/wp\/v2\/pages\/6","targetHints":{"allow":["GET"]}}],"collection":[{"href":"https:\/\/xn--frydkrmassage-7fb.dk\/index.php?rest_route=\/wp\/v2\/pages"}],"about":[{"href":"https:\/\/xn--frydkrmassage-7fb.dk\/index.php?rest_route=\/wp\/v2\/types\/page"}],"author":[{"embeddable":true,"href":"https:\/\/xn--frydkrmassage-7fb.dk\/index.php?rest_route=\/wp\/v2\/users\/1"}],"replies":[{"embeddable":true,"href":"https:\/\/xn--frydkrmassage-7fb.dk\/index.php?rest_route=%2Fwp%2Fv2%2Fcomments&post=6"}],"version-history":[{"count":7,"href":"https:\/\/xn--frydkrmassage-7fb.dk\/index.php?rest_route=\/wp\/v2\/pages\/6\/revisions"}],"predecessor-version":[{"id":75,"href":"https:\/\/xn--frydkrmassage-7fb.dk\/index.php?rest_route=\/wp\/v2\/pages\/6\/revisions\/75"}],"wp:featuredmedia":[{"embeddable":true,"href":"https:\/\/xn--frydkrmassage-7fb.dk\/index.php?rest_route=\/wp\/v2\/media\/50"}],"wp:attachment":[{"href":"https:\/\/xn--frydkrmassage-7fb.dk\/index.php?rest_route=%2Fwp%2Fv2%2Fmedia&parent=6"}],"curies":[{"name":"wp","href":"https:\/\/api.w.org\/{rel}","templated":true}]}}